{"id":201,"date":"2019-06-06T12:28:25","date_gmt":"2019-06-06T12:28:25","guid":{"rendered":"http:\/\/templatebundle.net\/wp\/moto\/netw1\/digital-marketing\/?page_id=11"},"modified":"2021-10-27T19:37:16","modified_gmt":"2021-10-27T17:37:16","slug":"contact","status":"publish","type":"page","link":"https:\/\/it4soul.pl\/?page_id=201","title":{"rendered":"Contact"},"content":{"rendered":"<p>[vc_row][vc_column width=&#8221;1\/2&#8243; border_radius=&#8221;0px 0px 3px 3px&#8221; css=&#8221;.vc_custom_1560061142408{padding-top: 50px !important;padding-right: 50px !important;padding-bottom: 50px !important;padding-left: 50px !important;background-color: #163c79 !important;}&#8221; offset=&#8221;vc_col-md-4&#8243;]<section class=\"pixel_fancy_heading text-left no_border pixel_69e4de28850a0\"><h1>Dane kontaktowe<\/h1><\/section><div class=\"pixel_69e4de28850be\"><\/div>[vc_column_text css=&#8221;.vc_custom_1635356235185{margin-bottom: 25px !important;}&#8221;]<\/p>\n<div class=\"contact-text os-animation animated fadeIn\" data-os-animation=\"fadeIn\" data-os-animation-delay=\".25s\">\n<p><span style=\"color: #ffffff;\">Sprawd\u017a jak korzystna i wygodna jest wsp\u00f3\u0142praca z IT4SOUL. <\/span><\/p>\n<p><span style=\"color: #ffffff;\">Porozmawiajmy o tym, co mo\u017cemy zrobi\u0107 dla Twojej Firmy.<\/span><\/p>\n<p><span style=\"color: #ffffff;\">To b\u0119dzie pocz\u0105tek d\u0142ugiej i owocnej wsp\u00f3\u0142pracy.\u00a0 \ud83d\ude42<\/span><\/p>\n<\/div>\n<p>[\/vc_column_text]<section id=\"widget_pixel_widget_contactus\" class=\"widget mt4_info_69e4de28850c9\">\t   <div class=\"widget_contact\">\n\t\t\t\t\t\t<div class=\"pixel_contact_us\">\n\t\t\t\t<ul>\n\t\t\t\t\t\t\t\t\t\t\t\t\t\t\t\t\t\t\t\t\t<li>\n\t\t\t\t\t\t\t<span class=\"fas fa-envelope\"><\/span>\n\t\t\t\t\t\t\t<p><span>Email:<\/span>kontakt@it4soul.pl<\/p>\n\t\t\t\t\t\t<\/li>\n\t\t\t\t\t\t\t\t\t\t\t\t\t\t\t\t<li>\n\t\t\t\t\t\t\t<span class=\"fas fa-phone-alt\"><\/span>\n\t\t\t\t\t\t\t<p><span>Phone:<\/span>536 903 807<\/p>\n\t\t\t\t\t\t<\/li>\n\t\t\t\t\t\t\t\t\t<\/ul>\n\t\t\t<\/div>\n\t\t<\/div>\n    <\/section>[\/vc_column][vc_column width=&#8221;1\/2&#8243; offset=&#8221;vc_col-md-8&#8243;]<div class=\"pixel_69e4de28850e9\"><\/div><section class=\"pixel_fancy_heading text-left pixel_center_left_border pixel_69e4de28850f5\"><h2>Masz pytanie? Jeste\u015b zainteresowany wsp\u00f3\u0142prac\u0105?<\/h2><\/section><section class=\"pixel_fancy_heading text-left no_border pixel_69e4de288510d\"><h1>Wy\u015blij do Nas wiadomo\u015b\u0107 \ud83d\ude42<\/h1><\/section><div class=\"pixel_69e4de2885118\"><\/div><div class=\"pixel_form_render pixel_form_69e4de2885121\"><div class=\"row\"><div class=\"pixel_messages\" style=\"display:none;\">\r\n\t\t\t\t\t\t<input type=\"hidden\" value=\"Dzi\u0119kujemy! Twoja wiadomo\u015b\u0107 zosta\u0142a wys\u0142ana! Skontaktujemy si\u0119 w przeci\u0105gu 24h! :) \">\r\n\t\t\t\t\t\t<input type=\"hidden\" value=\"Niestety, wyst\u0105pi\u0142 b\u0142\u0105d podczas wysy\u0142ania wiadomo\u015bci. Spr\u00f3buj ponownie.\">\r\n\t\t\t\t\t\t<input type=\"hidden\" value=\"Co najmniej jedno pole zawiera b\u0142\u0105d. Sprawd\u017a i spr\u00f3buj ponownie. \">\r\n\t\t\t\t\t\t<input type=\"hidden\" value=\"To pole jest wymagane. \">\r\n\t\t\t\t\t\t<input type=\"hidden\" value=\"Email: nieprawid\u0142owy adres e-mail.\">\r\n\t\t\t\t\t<\/div><div class=\"col-xs-12 col-md-6 col-lg-6\"><div class=\"form-group\" data-fieldType=\"text\"><input type=\"text\" class=\"form-control pixel_req_field\" placeholder=\"Twoje imi\u0119 \" name=\"text_5231\"><\/div><div class=\"form-group\" data-fieldType=\"email\"><input type=\"text\" class=\"form-control pixel_req_field\" placeholder=\"Tw\u00f3j e-mail\" name=\"email_73541\"><\/div><\/div><div class=\"col-xs-12 col-md-6 col-lg-6\"><div class=\"form-group\" data-fieldType=\"number\"><input type=\"number\" class=\"form-control pixel_req_field\" placeholder=\"Numer kontaktowy \" name=\"number_76395\"><\/div><div class=\"form-group\" data-fieldType=\"text\"><input type=\"text\" class=\"form-control pixel_req_field\" placeholder=\"Temat wiadomo\u015bci \" name=\"text_45213\"><\/div><\/div><div class=\"col-xs-12 col-md-12 col-lg-12\"><div class=\"form-group\" data-fieldType=\"textarea\"><textarea class=\"form-control pixel_req_field\" placeholder=\"Twoja wiadomo\u015b\u0107... \" name=\"textarea_87929\"><\/textarea><\/div><\/div><div class=\"col-xs-12 col-md-4 col-lg-4\"><div class=\"form-group\" data-fieldType=\"button\"><button type=\"button\" class=\"pixel_btn_69e4de2885121 pixel_btn pixel_form_submit pixel_button_default_size\" name=\"button_99899\" data-form_id=\"2\">Wy\u015blij!<\/button><div class=\"pixel_loader_img\"><div><\/div><div><\/div><\/div><\/div><\/div><div class=\"pixel_form_msg\" style=\"display:none\"><p><\/p><\/div><\/div><\/div><div class=\"um_alert_wrapper\"> \r\n\t\t\t\t\t\t\t<div class=\"um_alert_inner\">\r\n\t\t\t\t\t\t\t\t<p><\/p>\r\n\t\t\t\t\t\t\t<\/div>\r\n\t\t\t\t\t\t<\/div>[\/vc_column][\/vc_row][vc_row][vc_column]<div class=\"pixel_69e4de288524f\"><\/div>[\/vc_column][\/vc_row]<\/p>\n","protected":false},"excerpt":{"rendered":"<p>[vc_row][vc_column width=&#8221;1\/2&#8243; border_radius=&#8221;0px 0px 3px 3px&#8221; css=&#8221;.vc_custom_1560061142408{padding-top: 50px !important;padding-right: 50px !important;padding-bottom: 50px !important;padding-left: 50px !important;background-color: #163c79 !important;}&#8221; offset=&#8221;vc_col-md-4&#8243;][vc_column_text css=&#8221;.vc_custom_1635356235185{margin-bottom: 25px.<\/p>\n","protected":false},"author":1,"featured_media":0,"parent":0,"menu_order":0,"comment_status":"closed","ping_status":"closed","template":"","meta":{"footnotes":""},"class_list":["post-201","page","type-page","status-publish","hentry"],"_links":{"self":[{"href":"https:\/\/it4soul.pl\/index.php?rest_route=\/wp\/v2\/pages\/201","targetHints":{"allow":["GET"]}}],"collection":[{"href":"https:\/\/it4soul.pl\/index.php?rest_route=\/wp\/v2\/pages"}],"about":[{"href":"https:\/\/it4soul.pl\/index.php?rest_route=\/wp\/v2\/types\/page"}],"author":[{"embeddable":true,"href":"https:\/\/it4soul.pl\/index.php?rest_route=\/wp\/v2\/users\/1"}],"replies":[{"embeddable":true,"href":"https:\/\/it4soul.pl\/index.php?rest_route=%2Fwp%2Fv2%2Fcomments&post=201"}],"version-history":[{"count":12,"href":"https:\/\/it4soul.pl\/index.php?rest_route=\/wp\/v2\/pages\/201\/revisions"}],"predecessor-version":[{"id":438,"href":"https:\/\/it4soul.pl\/index.php?rest_route=\/wp\/v2\/pages\/201\/revisions\/438"}],"wp:attachment":[{"href":"https:\/\/it4soul.pl\/index.php?rest_route=%2Fwp%2Fv2%2Fmedia&parent=201"}],"curies":[{"name":"wp","href":"https:\/\/api.w.org\/{rel}","templated":true}]}}